{"id":2129,"date":"2014-03-31T06:26:25","date_gmt":"2014-03-31T06:26:25","guid":{"rendered":"http:\/\/themenectar.com\/demo\/salient-frostwave\/?page_id=2129"},"modified":"2014-03-31T06:26:25","modified_gmt":"2014-03-31T06:26:25","slug":"home-basic","status":"publish","type":"page","link":"http:\/\/psychiatrie-talova.cz\/index.php\/home-basic\/","title":{"rendered":"Home &#8211; Basic"},"content":{"rendered":"[vc_row][vc_column width=&#8220;1\/1&#8243;]<style type=\"text\/css\">#nectar-slider-instance-1, #nectar-slider-instance-1 .swiper-container { height: calc( 650 * 100vw \/ 1600 ); } <\/style><div data-midnight=\"nectar-slider\" class=\"parallax_slider_outer \"><div  data-transition=\"swipe\" data-overall_style=\"classic\" data-flexible-height=\"true\" data-animate-in-effect=\"none\" data-fullscreen=\"false\" data-button-sizing=\"regular\" data-button-styling=\"btn_with_count\" data-autorotate=\"\" data-parallax=\"true\" data-parallax-disable-mobile=\"\" data-caption-trans=\"fade_in_from_bottom\" data-parallax-style=\"bg_only\" data-bg-animation=\"none\" data-full-width=\"true\" class=\"nectar-slider-wrap \" id=\"nectar-slider-instance-1\"><div class=\"swiper-container\"  data-tho=\"auto\" data-tco=\"auto\" data-pho=\"auto\" data-pco=\"auto\" data-loop=\"true\" data-height=\"650\" data-min-height=\"\" data-arrows=\"true\" data-bullets=\"true\" data-bullet_style=\"see_through\" data-bullet_position=\"bottom\" data-desktop-swipe=\"true\" data-settings=\"\"> <div class=\"swiper-wrapper\"><div class=\"swiper-slide\" data-desktop-content-width=\"auto\" data-tablet-content-width=\"auto\" data-bg-alignment=\"center\" data-color-scheme=\"light\" data-x-pos=\"centered\" data-y-pos=\"middle\" ><div class=\"slide-bg-wrap\"><div class=\"image-bg\" style=\"background-image: url(http:\/\/psychiatrie-talova.cz\/wp-content\/uploads\/2019\/11\/face-1370955_1920.jpg);\"> &nbsp; <\/div><\/div><div class=\"container\">\n\t\t\t\t\t\t<div class=\"content\"><h2 class=\"ns-heading-el\">Psychiatrick\u00e1 ambulance - MUDr. Barbora Talov\u00e1 s.r.o. <\/h2><p  ><span>Nemocnice Hranice a.s.<\/span><\/p><div class=\"buttons\"><div class=\"button solid_color\">\n\t\t\t\t\t\t\t\t\t\t<a class=\"extra-color-1\" href=\"http:\/\/psychiatrie-talova.cz\/#onas\">O n\u00e1s<\/a>\n\t\t\t\t\t\t\t\t\t\t<\/div><\/div><\/div>\n\t\t\t\t\t\t\t\t<\/div><!--\/container--><div class=\"video-texture active_texture\"> <span class=\"ie-fix\"><\/span> <\/div><\/div> <!--\/swiper-slide--><\/div><div class=\"nectar-slider-loading \"> <span class=\"loading-icon none\">   <\/span> <\/div> <\/div> \n\t\t\t\t\t\n\t\t\t\t\t<\/div><\/div>[\/vc_column][\/vc_row][vc_row type=&#8220;full_width_background&#8220; bg_position=&#8220;left top&#8220; bg_repeat=&#8220;no-repeat&#8220; text_color=&#8220;dark&#8220; text_align=&#8220;left&#8220; top_padding=&#8220;90&#8243; bottom_padding=&#8220;90&#8243; parallax_bg=&#8220;true&#8220; bg_color=&#8220;#ffffff&#8220;][vc_column centered_text=&#8220;true&#8220; width=&#8220;1\/4&#8243; animation=&#8220;fade-in&#8220; enable_animation=&#8220;true&#8220; column_padding=&#8220;no-extra-padding&#8220; background_color_opacity=&#8220;1&#8243;][vc_row_inner][vc_column_inner width=&#8220;1\/1&#8243; enable_animation=&#8220;true&#8220; animation=&#8220;fade-in&#8220; delay=&#8220;400&#8243; column_padding=&#8220;no-extra-padding&#8220;][vc_column_text]<i class=\"icon-3x icon-tablet extra-color-1\"><i class=\"circle-border\"><\/i><\/i>[\/vc_column_text][\/vc_column_inner][\/vc_row_inner][vc_column_text]\n<h4>100% Responsive Design<\/h4>\n<p>Accusantium quam, ultri eget tempor id, aliquam eget nibh et. Maecen aliquam, risus at semper ullamcorper[\/vc_column_text][\/vc_column][vc_column width=&#8220;1\/4&#8243; animation=&#8220;fade-in&#8220; centered_text=&#8220;true&#8220; enable_animation=&#8220;true&#8220; column_padding=&#8220;no-extra-padding&#8220; background_color_opacity=&#8220;1&#8243; delay=&#8220;200&#8243;][vc_row_inner][vc_column_inner width=&#8220;1\/1&#8243; enable_animation=&#8220;true&#8220; animation=&#8220;fade-in&#8220; delay=&#8220;600&#8243; column_padding=&#8220;no-extra-padding&#8220;][vc_column_text]<i class=\"icon-3x steadysets-icon-diamond extra-color-1\"><i class=\"circle-border\"><\/i><\/i>[\/vc_column_text][\/vc_column_inner][\/vc_row_inner][vc_column_text]\n<h4>Award Winning Quality<\/h4>\n<p>Accusantium quam, ultri eget tempor id, aliquam eget nibh et. Maecen aliquam, risus at semper ullamcorper[\/vc_column_text][\/vc_column][vc_column width=&#8220;1\/4&#8243; animation=&#8220;fade-in&#8220; centered_text=&#8220;true&#8220; enable_animation=&#8220;true&#8220; column_padding=&#8220;no-extra-padding&#8220; background_color_opacity=&#8220;1&#8243; delay=&#8220;400&#8243;][vc_row_inner][vc_column_inner width=&#8220;1\/1&#8243; enable_animation=&#8220;true&#8220; animation=&#8220;fade-in&#8220; delay=&#8220;800&#8243; column_padding=&#8220;no-extra-padding&#8220;][vc_column_text]<i class=\"icon-3x steadysets-icon-file extra-color-1\"><i class=\"circle-border\"><\/i><\/i>[\/vc_column_text][\/vc_column_inner][\/vc_row_inner][vc_column_text]\n<h4>Extensive Documentation<\/h4>\n<p>Accusantium quam, ultri eget tempor id, aliquam eget nibh et. Maecen aliquam, risus at semper ullamcorper[\/vc_column_text][\/vc_column][vc_column width=&#8220;1\/4&#8243; animation=&#8220;fade-in&#8220; centered_text=&#8220;true&#8220; enable_animation=&#8220;true&#8220; column_padding=&#8220;no-extra-padding&#8220; background_color_opacity=&#8220;1&#8243; delay=&#8220;600&#8243;][vc_row_inner][vc_column_inner width=&#8220;1\/1&#8243; enable_animation=&#8220;true&#8220; animation=&#8220;fade-in&#8220; delay=&#8220;1000&#8243; column_padding=&#8220;no-extra-padding&#8220;][vc_column_text]<i class=\"icon-3x icon-gift extra-color-1\"><i class=\"circle-border\"><\/i><\/i>[\/vc_column_text][\/vc_column_inner][\/vc_row_inner][vc_column_text]\n<h4>Loaded With Goodies<\/h4>\n<p>Accusantium quam, ultri eget tempor id, aliquam eget nibh et. Maecen aliquam, risus at semper ullamcorper[\/vc_column_text][\/vc_column][\/vc_row][vc_row type=&#8220;full_width_background&#8220; bg_position=&#8220;left top&#8220; bg_repeat=&#8220;no-repeat&#8220; text_color=&#8220;dark&#8220; text_align=&#8220;left&#8220; top_padding=&#8220;0&#8243; bottom_padding=&#8220;0&#8243;][vc_column width=&#8220;1\/1&#8243;]<div class=\"carousel-wrap recent-work-carousel \" data-ctc=\"dark\" data-full-width=\"true\">\n\t\t\t\t\t\n\t\t\t\t\t<div class=\"carousel-heading\"><div class=\"container\"><h2>Recent Work We've Completed For Our Amazing Clients.<\/h2><div class=\"controls\"><a class=\"portfolio-page-link\" href=\"\"><i class=\"icon-salient-back-to-all\"><\/i><\/a>\n\t\t\t\t\t\t<a class=\"carousel-prev\" href=\"#\"><i class=\"icon-salient-left-arrow-thin\"><\/i><\/a>\n\t\t\t\t\t\t<a class=\"carousel-next\" href=\"#\"><i class=\"icon-salient-right-arrow-thin\"><\/i><\/a><\/div><\/div><\/div>\n\t\t\t\t\t\n\t\t\t\t\t<ul class=\"row portfolio-items text-align-center carousel\" data-scroll-speed=\"800\" data-easing=\"easeInOutQuart\"><li class=\"col span_4 no-margin\" data-default-color=\"true\" data-title-color=\"\" data-subtitle-color=\"\">\n\t\t\t\t\t\t\t\n\t\t\t\t\t\t\t<div class=\"work-item style-4\" data-custom-content=\"off\"><img decoding=\"async\" src=\"http:\/\/psychiatrie-talova.cz\/wp-content\/plugins\/salient-portfolio\/img\/no-portfolio-item-small.jpg\" alt=\"no image added yet.\" \/>\n\t\t\t\t\t\t\t\n\t\t\t\t\t\t\t<div class=\"work-info\">\n\t\t\t\t\t\t\t\n\t\t\t\t\t\t\t<a href=\"http:\/\/psychiatrie-talova.cz\/index.php\/portfolio\/cenik\/\"><\/a><div class=\"bottom-meta\"><h3>Cen\u00edk<\/h3><p>19. 11. 2019<\/p><\/div><!--\/bottom-meta--><\/div>\n\t\t\t\t\t\t\t<\/div><!--work-item-->\n\t\t\t\t\t\t\t\n\t\t\t\t\t\t\t<\/li><!--\/span_4--><li class=\"col span_4 no-margin\" data-default-color=\"true\" data-title-color=\"\" data-subtitle-color=\"\">\n\t\t\t\t\t\t\t\n\t\t\t\t\t\t\t<div class=\"work-item style-4\" data-custom-content=\"off\"><img decoding=\"async\" src=\"http:\/\/psychiatrie-talova.cz\/wp-content\/plugins\/salient-portfolio\/img\/no-portfolio-item-small.jpg\" alt=\"no image added yet.\" \/>\n\t\t\t\t\t\t\t\n\t\t\t\t\t\t\t<div class=\"work-info\">\n\t\t\t\t\t\t\t\n\t\t\t\t\t\t\t<a href=\"http:\/\/psychiatrie-talova.cz\/index.php\/portfolio\/o-mne\/\"><\/a><div class=\"bottom-meta\"><h3>O mn\u011b<\/h3><p>19. 11. 2019<\/p><\/div><!--\/bottom-meta--><\/div>\n\t\t\t\t\t\t\t<\/div><!--work-item-->\n\t\t\t\t\t\t\t\n\t\t\t\t\t\t\t<\/li><!--\/span_4--><\/ul><!--\/carousel--><\/div><!--\/carousel-wrap-->[\/vc_column][\/vc_row]\n","protected":false},"excerpt":{"rendered":"<p>[vc_row][vc_column width=&#8220;1\/1&#8243;][\/vc_column][\/vc_row][vc_row type=&#8220;full_width_background&#8220; bg_position=&#8220;left top&#8220; bg_repeat=&#8220;no-repeat&#8220; text_color=&#8220;dark&#8220; text_align=&#8220;left&#8220; top_padding=&#8220;90&#8243; bottom_padding=&#8220;90&#8243; parallax_bg=&#8220;true&#8220; bg_color=&#8220;#ffffff&#8220;][vc_column centered_text=&#8220;true&#8220; width=&#8220;1\/4&#8243; animation=&#8220;fade-in&#8220; enable_animation=&#8220;true&#8220; column_padding=&#8220;no-extra-padding&#8220; background_color_opacity=&#8220;1&#8243;][vc_row_inner][vc_column_inner width=&#8220;1\/1&#8243; enable_animation=&#8220;true&#8220; animation=&#8220;fade-in&#8220; delay=&#8220;400&#8243; column_padding=&#8220;no-extra-padding&#8220;][vc_column_text][\/vc_column_text][\/vc_column_inner][\/vc_row_inner][vc_column_text] 100% Responsive Design Accusantium quam, ultri eget&#8230;<\/p>\n","protected":false},"author":1,"featured_media":0,"parent":0,"menu_order":9,"comment_status":"open","ping_status":"open","template":"","meta":{"footnotes":""},"class_list":["post-2129","page","type-page","status-publish"],"yoast_head":"<!-- This site is optimized with the Yoast SEO plugin v27.4 - https:\/\/yoast.com\/product\/yoast-seo-wordpress\/ -->\n<title>Home - Basic - Psychiatrick\u00e1 ambulance, nemocnice Hranice a.<\/title>\n<meta name=\"robots\" content=\"index, follow, max-snippet:-1, max-image-preview:large, max-video-preview:-1\" \/>\n<link rel=\"canonical\" href=\"http:\/\/psychiatrie-talova.cz\/index.php\/home-basic\/\" \/>\n<meta property=\"og:locale\" content=\"cs_CZ\" \/>\n<meta property=\"og:type\" content=\"article\" \/>\n<meta property=\"og:title\" content=\"Home - Basic - Psychiatrick\u00e1 ambulance, nemocnice Hranice a.\" \/>\n<meta property=\"og:description\" content=\"[vc_row][vc_column width=&#8220;1\/1&#8243;][\/vc_column][\/vc_row][vc_row type=&#8220;full_width_background&#8220; bg_position=&#8220;left top&#8220; bg_repeat=&#8220;no-repeat&#8220; text_color=&#8220;dark&#8220; text_align=&#8220;left&#8220; top_padding=&#8220;90&#8243; bottom_padding=&#8220;90&#8243; parallax_bg=&#8220;true&#8220; bg_color=&#8220;#ffffff&#8220;][vc_column centered_text=&#8220;true&#8220; width=&#8220;1\/4&#8243; animation=&#8220;fade-in&#8220; enable_animation=&#8220;true&#8220; column_padding=&#8220;no-extra-padding&#8220; background_color_opacity=&#8220;1&#8243;][vc_row_inner][vc_column_inner width=&#8220;1\/1&#8243; enable_animation=&#8220;true&#8220; animation=&#8220;fade-in&#8220; delay=&#8220;400&#8243; column_padding=&#8220;no-extra-padding&#8220;][vc_column_text][\/vc_column_text][\/vc_column_inner][\/vc_row_inner][vc_column_text] 100% Responsive Design Accusantium quam, ultri eget...\" \/>\n<meta property=\"og:url\" content=\"http:\/\/psychiatrie-talova.cz\/index.php\/home-basic\/\" \/>\n<meta property=\"og:site_name\" content=\"Psychiatrick\u00e1 ambulance, nemocnice Hranice a.\" \/>\n<meta name=\"twitter:card\" content=\"summary_large_image\" \/>\n<meta name=\"twitter:label1\" content=\"Odhadovan\u00e1 doba \u010dten\u00ed\" \/>\n\t<meta name=\"twitter:data1\" content=\"2 minuty\" \/>\n<script type=\"application\/ld+json\" class=\"yoast-schema-graph\">{\"@context\":\"https:\\\/\\\/schema.org\",\"@graph\":[{\"@type\":\"WebPage\",\"@id\":\"http:\\\/\\\/psychiatrie-talova.cz\\\/index.php\\\/home-basic\\\/\",\"url\":\"http:\\\/\\\/psychiatrie-talova.cz\\\/index.php\\\/home-basic\\\/\",\"name\":\"Home - Basic - Psychiatrick\u00e1 ambulance, nemocnice Hranice a.\",\"isPartOf\":{\"@id\":\"https:\\\/\\\/psychiatrie-talova.cz\\\/#website\"},\"datePublished\":\"2014-03-31T06:26:25+00:00\",\"breadcrumb\":{\"@id\":\"http:\\\/\\\/psychiatrie-talova.cz\\\/index.php\\\/home-basic\\\/#breadcrumb\"},\"inLanguage\":\"cs\",\"potentialAction\":[{\"@type\":\"ReadAction\",\"target\":[\"http:\\\/\\\/psychiatrie-talova.cz\\\/index.php\\\/home-basic\\\/\"]}]},{\"@type\":\"BreadcrumbList\",\"@id\":\"http:\\\/\\\/psychiatrie-talova.cz\\\/index.php\\\/home-basic\\\/#breadcrumb\",\"itemListElement\":[{\"@type\":\"ListItem\",\"position\":1,\"name\":\"Dom\u016f\",\"item\":\"https:\\\/\\\/psychiatrie-talova.cz\\\/\"},{\"@type\":\"ListItem\",\"position\":2,\"name\":\"Home &#8211; Basic\"}]},{\"@type\":\"WebSite\",\"@id\":\"https:\\\/\\\/psychiatrie-talova.cz\\\/#website\",\"url\":\"https:\\\/\\\/psychiatrie-talova.cz\\\/\",\"name\":\"Psychiatrick\u00e1 ambulance, nemocnice Hranice a.\",\"description\":\"Dal\u0161\u00ed web pou\u017e\u00edvaj\u00edc\u00ed WordPress\",\"potentialAction\":[{\"@type\":\"SearchAction\",\"target\":{\"@type\":\"EntryPoint\",\"urlTemplate\":\"https:\\\/\\\/psychiatrie-talova.cz\\\/?s={search_term_string}\"},\"query-input\":{\"@type\":\"PropertyValueSpecification\",\"valueRequired\":true,\"valueName\":\"search_term_string\"}}],\"inLanguage\":\"cs\"}]}<\/script>\n<!-- \/ Yoast SEO plugin. -->","yoast_head_json":{"title":"Home - Basic - Psychiatrick\u00e1 ambulance, nemocnice Hranice a.","robots":{"index":"index","follow":"follow","max-snippet":"max-snippet:-1","max-image-preview":"max-image-preview:large","max-video-preview":"max-video-preview:-1"},"canonical":"http:\/\/psychiatrie-talova.cz\/index.php\/home-basic\/","og_locale":"cs_CZ","og_type":"article","og_title":"Home - Basic - Psychiatrick\u00e1 ambulance, nemocnice Hranice a.","og_description":"[vc_row][vc_column width=&#8220;1\/1&#8243;][\/vc_column][\/vc_row][vc_row type=&#8220;full_width_background&#8220; bg_position=&#8220;left top&#8220; bg_repeat=&#8220;no-repeat&#8220; text_color=&#8220;dark&#8220; text_align=&#8220;left&#8220; top_padding=&#8220;90&#8243; bottom_padding=&#8220;90&#8243; parallax_bg=&#8220;true&#8220; bg_color=&#8220;#ffffff&#8220;][vc_column centered_text=&#8220;true&#8220; width=&#8220;1\/4&#8243; animation=&#8220;fade-in&#8220; enable_animation=&#8220;true&#8220; column_padding=&#8220;no-extra-padding&#8220; background_color_opacity=&#8220;1&#8243;][vc_row_inner][vc_column_inner width=&#8220;1\/1&#8243; enable_animation=&#8220;true&#8220; animation=&#8220;fade-in&#8220; delay=&#8220;400&#8243; column_padding=&#8220;no-extra-padding&#8220;][vc_column_text][\/vc_column_text][\/vc_column_inner][\/vc_row_inner][vc_column_text] 100% Responsive Design Accusantium quam, ultri eget...","og_url":"http:\/\/psychiatrie-talova.cz\/index.php\/home-basic\/","og_site_name":"Psychiatrick\u00e1 ambulance, nemocnice Hranice a.","twitter_card":"summary_large_image","twitter_misc":{"Odhadovan\u00e1 doba \u010dten\u00ed":"2 minuty"},"schema":{"@context":"https:\/\/schema.org","@graph":[{"@type":"WebPage","@id":"http:\/\/psychiatrie-talova.cz\/index.php\/home-basic\/","url":"http:\/\/psychiatrie-talova.cz\/index.php\/home-basic\/","name":"Home - Basic - Psychiatrick\u00e1 ambulance, nemocnice Hranice a.","isPartOf":{"@id":"https:\/\/psychiatrie-talova.cz\/#website"},"datePublished":"2014-03-31T06:26:25+00:00","breadcrumb":{"@id":"http:\/\/psychiatrie-talova.cz\/index.php\/home-basic\/#breadcrumb"},"inLanguage":"cs","potentialAction":[{"@type":"ReadAction","target":["http:\/\/psychiatrie-talova.cz\/index.php\/home-basic\/"]}]},{"@type":"BreadcrumbList","@id":"http:\/\/psychiatrie-talova.cz\/index.php\/home-basic\/#breadcrumb","itemListElement":[{"@type":"ListItem","position":1,"name":"Dom\u016f","item":"https:\/\/psychiatrie-talova.cz\/"},{"@type":"ListItem","position":2,"name":"Home &#8211; Basic"}]},{"@type":"WebSite","@id":"https:\/\/psychiatrie-talova.cz\/#website","url":"https:\/\/psychiatrie-talova.cz\/","name":"Psychiatrick\u00e1 ambulance, nemocnice Hranice a.","description":"Dal\u0161\u00ed web pou\u017e\u00edvaj\u00edc\u00ed WordPress","potentialAction":[{"@type":"SearchAction","target":{"@type":"EntryPoint","urlTemplate":"https:\/\/psychiatrie-talova.cz\/?s={search_term_string}"},"query-input":{"@type":"PropertyValueSpecification","valueRequired":true,"valueName":"search_term_string"}}],"inLanguage":"cs"}]}},"_links":{"self":[{"href":"http:\/\/psychiatrie-talova.cz\/index.php\/wp-json\/wp\/v2\/pages\/2129","targetHints":{"allow":["GET"]}}],"collection":[{"href":"http:\/\/psychiatrie-talova.cz\/index.php\/wp-json\/wp\/v2\/pages"}],"about":[{"href":"http:\/\/psychiatrie-talova.cz\/index.php\/wp-json\/wp\/v2\/types\/page"}],"author":[{"embeddable":true,"href":"http:\/\/psychiatrie-talova.cz\/index.php\/wp-json\/wp\/v2\/users\/1"}],"replies":[{"embeddable":true,"href":"http:\/\/psychiatrie-talova.cz\/index.php\/wp-json\/wp\/v2\/comments?post=2129"}],"version-history":[{"count":0,"href":"http:\/\/psychiatrie-talova.cz\/index.php\/wp-json\/wp\/v2\/pages\/2129\/revisions"}],"wp:attachment":[{"href":"http:\/\/psychiatrie-talova.cz\/index.php\/wp-json\/wp\/v2\/media?parent=2129"}],"curies":[{"name":"wp","href":"https:\/\/api.w.org\/{rel}","templated":true}]}}