{"id":767,"date":"2013-12-09T00:03:46","date_gmt":"2013-12-09T00:03:46","guid":{"rendered":"http:\/\/localhost\/wordpress-3-6\/?page_id=767"},"modified":"2013-12-09T00:03:46","modified_gmt":"2013-12-09T00:03:46","slug":"shortcode-generator","status":"publish","type":"page","link":"http:\/\/psychiatrie-talova.cz\/index.php\/features\/shortcode-generator\/","title":{"rendered":"Shortcode Generator"},"content":{"rendered":"[full_width_section bg_pos=&#8220;Left Top&#8220; bg_repeat=&#8220;No-Repeat&#8220; text_color=&#8220;light&#8220; image_url=&#8220;http:\/\/themenectar.com\/demo\/salient\/wp-content\/uploads\/2013\/09\/shortcode-generator-bg.jpg&#8220; top_padding=&#8220;140&#8243; bottom_padding=&#8220;100&#8243; type=&#8220;full_width_background&#8220; text_align=&#8220;center&#8220;][vc_column width=&#8220;1\/1&#8243;][vc_column_text]\n<h2 style=\"text-align: center;\"><span>Nectar Shortcodes Come In a Visually Intuitive Generator<\/span><\/h2>\n<h4 class=\"light\" style=\"text-align: center;\">This allows you to create beautiful &amp; unique site sections in a matter of sections<br \/>\nall without memorizing or knowing any shortcode parameters.<\/h4>\n[\/vc_column_text][image_with_animation animation=&#8220;Grow In&#8220; image_url=&#8220;http:\/\/themenectar.com\/demo\/salient\/wp-content\/uploads\/2013\/09\/shortcode-generator1.png&#8220;] [\/image_with_animation][\/vc_column][\/full_width_section][full_width_section bg_pos=&#8220;Left Top&#8220; bg_repeat=&#8220;No-Repeat&#8220; text_color=&#8220;Light&#8220; top_padding=&#8220;50&#8243; bottom_padding=&#8220;30&#8243; background_color=&#8220;#2AC4EA&#8220;][vc_column width=&#8220;1\/1&#8243;][vc_column_text]\n<h2 class=\"light\" style=\"text-align: center;\">Are You Convinced This Is The Right Theme For You? <a class=\"nectar-button n-sc-button medium see-through\" target=\"_blank\" href=\"http:\/\/themeforest.net\/item\/salient-responsive-portfolio-blog-theme\/4363266\" data-color-override=\"false\" data-hover-color-override=\"false\" data-hover-text-color-override=\"#fff\"><span>Purchase Salient<\/span><\/a><\/h2>\n[\/vc_column_text][\/vc_column][\/full_width_section]\n","protected":false},"excerpt":{"rendered":"<p>[full_width_section bg_pos=&#8220;Left Top&#8220; bg_repeat=&#8220;No-Repeat&#8220; text_color=&#8220;light&#8220; image_url=&#8220;http:\/\/themenectar.com\/demo\/salient\/wp-content\/uploads\/2013\/09\/shortcode-generator-bg.jpg&#8220; top_padding=&#8220;140&#8243; bottom_padding=&#8220;100&#8243; type=&#8220;full_width_background&#8220; text_align=&#8220;center&#8220;][vc_column width=&#8220;1\/1&#8243;][vc_column_text] Nectar Shortcodes Come In a Visually Intuitive Generator This allows you to create beautiful &amp; unique site sections in&#8230;<\/p>\n","protected":false},"author":1,"featured_media":0,"parent":23,"menu_order":23,"comment_status":"open","ping_status":"open","template":"","meta":{"footnotes":""},"class_list":["post-767","page","type-page","status-publish"],"yoast_head":"<!-- This site is optimized with the Yoast SEO plugin v27.4 - https:\/\/yoast.com\/product\/yoast-seo-wordpress\/ -->\n<title>Shortcode Generator - Psychiatrick\u00e1 ambulance, nemocnice Hranice a.<\/title>\n<meta name=\"robots\" content=\"index, follow, max-snippet:-1, max-image-preview:large, max-video-preview:-1\" \/>\n<link rel=\"canonical\" href=\"http:\/\/psychiatrie-talova.cz\/index.php\/features\/shortcode-generator\/\" \/>\n<meta property=\"og:locale\" content=\"cs_CZ\" \/>\n<meta property=\"og:type\" content=\"article\" \/>\n<meta property=\"og:title\" content=\"Shortcode Generator - Psychiatrick\u00e1 ambulance, nemocnice Hranice a.\" \/>\n<meta property=\"og:description\" content=\"[full_width_section bg_pos=&#8220;Left Top&#8220; bg_repeat=&#8220;No-Repeat&#8220; text_color=&#8220;light&#8220; image_url=&#8220;http:\/\/themenectar.com\/demo\/salient\/wp-content\/uploads\/2013\/09\/shortcode-generator-bg.jpg&#8220; top_padding=&#8220;140&#8243; bottom_padding=&#8220;100&#8243; type=&#8220;full_width_background&#8220; text_align=&#8220;center&#8220;][vc_column width=&#8220;1\/1&#8243;][vc_column_text] Nectar Shortcodes Come In a Visually Intuitive Generator This allows you to create beautiful &amp; unique site sections in...\" \/>\n<meta property=\"og:url\" content=\"http:\/\/psychiatrie-talova.cz\/index.php\/features\/shortcode-generator\/\" \/>\n<meta property=\"og:site_name\" content=\"Psychiatrick\u00e1 ambulance, nemocnice Hranice a.\" \/>\n<meta name=\"twitter:card\" content=\"summary_large_image\" \/>\n<meta name=\"twitter:label1\" content=\"Odhadovan\u00e1 doba \u010dten\u00ed\" \/>\n\t<meta name=\"twitter:data1\" content=\"1 minuta\" \/>\n<script type=\"application\/ld+json\" class=\"yoast-schema-graph\">{\"@context\":\"https:\\\/\\\/schema.org\",\"@graph\":[{\"@type\":\"WebPage\",\"@id\":\"http:\\\/\\\/psychiatrie-talova.cz\\\/index.php\\\/features\\\/shortcode-generator\\\/\",\"url\":\"http:\\\/\\\/psychiatrie-talova.cz\\\/index.php\\\/features\\\/shortcode-generator\\\/\",\"name\":\"Shortcode Generator - Psychiatrick\u00e1 ambulance, nemocnice Hranice a.\",\"isPartOf\":{\"@id\":\"https:\\\/\\\/psychiatrie-talova.cz\\\/#website\"},\"datePublished\":\"2013-12-09T00:03:46+00:00\",\"breadcrumb\":{\"@id\":\"http:\\\/\\\/psychiatrie-talova.cz\\\/index.php\\\/features\\\/shortcode-generator\\\/#breadcrumb\"},\"inLanguage\":\"cs\",\"potentialAction\":[{\"@type\":\"ReadAction\",\"target\":[\"http:\\\/\\\/psychiatrie-talova.cz\\\/index.php\\\/features\\\/shortcode-generator\\\/\"]}]},{\"@type\":\"BreadcrumbList\",\"@id\":\"http:\\\/\\\/psychiatrie-talova.cz\\\/index.php\\\/features\\\/shortcode-generator\\\/#breadcrumb\",\"itemListElement\":[{\"@type\":\"ListItem\",\"position\":1,\"name\":\"Dom\u016f\",\"item\":\"https:\\\/\\\/psychiatrie-talova.cz\\\/\"},{\"@type\":\"ListItem\",\"position\":2,\"name\":\"Features\",\"item\":\"http:\\\/\\\/psychiatrie-talova.cz\\\/index.php\\\/features\\\/\"},{\"@type\":\"ListItem\",\"position\":3,\"name\":\"Shortcode Generator\"}]},{\"@type\":\"WebSite\",\"@id\":\"https:\\\/\\\/psychiatrie-talova.cz\\\/#website\",\"url\":\"https:\\\/\\\/psychiatrie-talova.cz\\\/\",\"name\":\"Psychiatrick\u00e1 ambulance, nemocnice Hranice a.\",\"description\":\"Dal\u0161\u00ed web pou\u017e\u00edvaj\u00edc\u00ed WordPress\",\"potentialAction\":[{\"@type\":\"SearchAction\",\"target\":{\"@type\":\"EntryPoint\",\"urlTemplate\":\"https:\\\/\\\/psychiatrie-talova.cz\\\/?s={search_term_string}\"},\"query-input\":{\"@type\":\"PropertyValueSpecification\",\"valueRequired\":true,\"valueName\":\"search_term_string\"}}],\"inLanguage\":\"cs\"}]}<\/script>\n<!-- \/ Yoast SEO plugin. -->","yoast_head_json":{"title":"Shortcode Generator - Psychiatrick\u00e1 ambulance, nemocnice Hranice a.","robots":{"index":"index","follow":"follow","max-snippet":"max-snippet:-1","max-image-preview":"max-image-preview:large","max-video-preview":"max-video-preview:-1"},"canonical":"http:\/\/psychiatrie-talova.cz\/index.php\/features\/shortcode-generator\/","og_locale":"cs_CZ","og_type":"article","og_title":"Shortcode Generator - Psychiatrick\u00e1 ambulance, nemocnice Hranice a.","og_description":"[full_width_section bg_pos=&#8220;Left Top&#8220; bg_repeat=&#8220;No-Repeat&#8220; text_color=&#8220;light&#8220; image_url=&#8220;http:\/\/themenectar.com\/demo\/salient\/wp-content\/uploads\/2013\/09\/shortcode-generator-bg.jpg&#8220; top_padding=&#8220;140&#8243; bottom_padding=&#8220;100&#8243; type=&#8220;full_width_background&#8220; text_align=&#8220;center&#8220;][vc_column width=&#8220;1\/1&#8243;][vc_column_text] Nectar Shortcodes Come In a Visually Intuitive Generator This allows you to create beautiful &amp; unique site sections in...","og_url":"http:\/\/psychiatrie-talova.cz\/index.php\/features\/shortcode-generator\/","og_site_name":"Psychiatrick\u00e1 ambulance, nemocnice Hranice a.","twitter_card":"summary_large_image","twitter_misc":{"Odhadovan\u00e1 doba \u010dten\u00ed":"1 minuta"},"schema":{"@context":"https:\/\/schema.org","@graph":[{"@type":"WebPage","@id":"http:\/\/psychiatrie-talova.cz\/index.php\/features\/shortcode-generator\/","url":"http:\/\/psychiatrie-talova.cz\/index.php\/features\/shortcode-generator\/","name":"Shortcode Generator - Psychiatrick\u00e1 ambulance, nemocnice Hranice a.","isPartOf":{"@id":"https:\/\/psychiatrie-talova.cz\/#website"},"datePublished":"2013-12-09T00:03:46+00:00","breadcrumb":{"@id":"http:\/\/psychiatrie-talova.cz\/index.php\/features\/shortcode-generator\/#breadcrumb"},"inLanguage":"cs","potentialAction":[{"@type":"ReadAction","target":["http:\/\/psychiatrie-talova.cz\/index.php\/features\/shortcode-generator\/"]}]},{"@type":"BreadcrumbList","@id":"http:\/\/psychiatrie-talova.cz\/index.php\/features\/shortcode-generator\/#breadcrumb","itemListElement":[{"@type":"ListItem","position":1,"name":"Dom\u016f","item":"https:\/\/psychiatrie-talova.cz\/"},{"@type":"ListItem","position":2,"name":"Features","item":"http:\/\/psychiatrie-talova.cz\/index.php\/features\/"},{"@type":"ListItem","position":3,"name":"Shortcode Generator"}]},{"@type":"WebSite","@id":"https:\/\/psychiatrie-talova.cz\/#website","url":"https:\/\/psychiatrie-talova.cz\/","name":"Psychiatrick\u00e1 ambulance, nemocnice Hranice a.","description":"Dal\u0161\u00ed web pou\u017e\u00edvaj\u00edc\u00ed WordPress","potentialAction":[{"@type":"SearchAction","target":{"@type":"EntryPoint","urlTemplate":"https:\/\/psychiatrie-talova.cz\/?s={search_term_string}"},"query-input":{"@type":"PropertyValueSpecification","valueRequired":true,"valueName":"search_term_string"}}],"inLanguage":"cs"}]}},"_links":{"self":[{"href":"http:\/\/psychiatrie-talova.cz\/index.php\/wp-json\/wp\/v2\/pages\/767","targetHints":{"allow":["GET"]}}],"collection":[{"href":"http:\/\/psychiatrie-talova.cz\/index.php\/wp-json\/wp\/v2\/pages"}],"about":[{"href":"http:\/\/psychiatrie-talova.cz\/index.php\/wp-json\/wp\/v2\/types\/page"}],"author":[{"embeddable":true,"href":"http:\/\/psychiatrie-talova.cz\/index.php\/wp-json\/wp\/v2\/users\/1"}],"replies":[{"embeddable":true,"href":"http:\/\/psychiatrie-talova.cz\/index.php\/wp-json\/wp\/v2\/comments?post=767"}],"version-history":[{"count":0,"href":"http:\/\/psychiatrie-talova.cz\/index.php\/wp-json\/wp\/v2\/pages\/767\/revisions"}],"up":[{"embeddable":true,"href":"http:\/\/psychiatrie-talova.cz\/index.php\/wp-json\/wp\/v2\/pages\/23"}],"wp:attachment":[{"href":"http:\/\/psychiatrie-talova.cz\/index.php\/wp-json\/wp\/v2\/media?parent=767"}],"curies":[{"name":"wp","href":"https:\/\/api.w.org\/{rel}","templated":true}]}}